 = 0. Suppose -6*k - 92 = -j*k. Calculate the remainder when r is divided by k.
21
Calculate the remainder when (-204)/(2 + 2)*329/(-141) is divided by 18.
11
Suppose -305*h + 246*h + 714726 = 0. Calculate the remainder when h is divided by 233.
231
Let v(n) = 4*n + 5. Let q be v(5). Suppose -5*s = -3*r + q, -3*s + 0 - 6 = 0. Calculate the remainder when 32/(-3)*(-513)/228 is divided by r.
4
Let s = 109 - 78. Suppose -2*d + 16 = j - s, 3*d - 89 = -2*j. What is the remainder when 136 is divided by j?
25
Let y = 1004 - 987. What is the remainder when 933 is divided by y?
15
Let m = -254 + 314. Suppose -3*f = 9 - m. What is the remainder when 113 is divided by f?
11
Let k(v) = v**3 + 9*v**2 - 7*v + 6. Calculate the remainder when 1106 is divided by k(-6).
14
Suppose 3*h + 43 = 4*b - 79, 3*b = 3*h + 126. Let a = h - -37. Calculate the remainder when (0 - a)*1*11 is divided by 20.
19
Suppose 11 = -6*z + 7*z. Let f(q) = 2*q**2 + 7*q + 6. Let r be f(-5). Let k = r - 2. Calculate the remainder when k is divided by z.
8
Let v(p) = p**3 - 5*p**2 + 4*p. Let g(s) = 8*s**2 + 9*s - 11. Let i be g(5). Suppose -270*x = -267*x - i. Calculate the remainder when x is divided by v(5).
18
Let p be (-1)/(-4) + 1149/12. Suppose p - 58 = 2*q. What is the remainder when q is divided by 9?
1
Let n(c) = 4*c - 10. Suppose -5*y + 0*y = -20. Suppose f + 143 - 160 = 0. What is the remainder when f is divided by n(y)?
5
Let p(o) = 25*o**3 - 4*o**2 - 3*o + 1. Calculate the remainder when p(2) is divided by 19.
8
Let r(k) = -k**3 + 4*k**2 + 5*k + 3. Let w be r(5). Suppose 8*s = 5*h + 4*s - 53, 48 = 3*h + w*s. What is the remainder when 361 is divided by h?
10
Let k be (-1 - (-1 - 0)) + (45 - 20). What is the remainder when 101 is divided by 6*k/15 - -7?
16
Let u = 138 - 98. What is the remainder when (7 - -28 - (-15)/(-3))/((-44)/(-66)) is divided by u?
5
Let c = -609 + 247. Let a = -352 - c. What is the remainder when 99 is divided by a?
9
Let l(j) = j**3 - 29*j**2 - 30*j + 2. Let b be l(30). Suppose n - 10 = -4*n, b*n - 209 = -5*u. Calculate the remainder when 154 is divided by u.
31
Let r(z) = -22*z + 2076. What is the remainder when r(65) is divided by 27?
25
Let f(z) = z**3 + 43*z**2 + 10*z + 477. What is the remainder when f(-22) is divided by 30?
11
Suppose -3*b - 5*d - 29 = 0, 3*b + 3*d + 19 = 8*d. Calculate the remainder when 28 is divided by 4*((-20)/(-8) + -3)*b.
12
Let r be ((-216)/(-28))/(4/56). Suppose -r - 28 = -2*q. Let x = q + -65. Calculate the remainder when 13 is divided by x.
1
Let u(c) = c**2 - 255*c - 2087. Calculate the remainder when u(-8) is divided by ((-4)/(-6))/((-3)/(-45)).
7
Let d = 16256 - 16186. What is the remainder when 550 is divided by d?
60
Suppose 4*y - 4*d = -4, d + 7 = 6*y - 3*y. Let k = 38 + -7. Calculate the remainder when (-15 + 11)*(-90)/y is divided by k.
28
Let a be 4424/8 + 8 + -6. Let j = a - 497. Calculate the remainder when 107 is divided by j.
49
Let c(a) = 25*a**3 + 8*a**2 - 14*a - 3. Let d be c(2). Let z = 272 - d. Calculate the remainder when z is divided by 26.
19
Let h(c) = 85*c - 1181. Calculate the remainder when h(18) is divided by 26.
11
Suppose 4*i + 648 = 10*i. Suppose 77*s + i = 79*s. Suppose 411 + 1093 = 4*a. Calculate the remainder when a is divided by s.
52
Let h(b) = 1306*b + 37910. What is the remainder when 2 + (-3)/(-3) + 246 is divided by h(-29)?
33
Let n = 68 + -69. Let p(b) = -69*b - 25. Calculate the remainder when -2*(-127)/2 - -1 is divided by p(n).
40
Suppose 155 = 2*m + 3*l, -4*m - 5*l = -143 - 172. Calculate the remainder when 409 is divided by m.
69
Let y(s) = s + 3. Let d(u) = -5*u**2 - 54*u - 38. Let c(r) = d(r) + 5*y(r). What is the remainder when 77 is divided by c(-9)?
12
Suppose -34*i + 15 = -31*i. Suppose 3*f = i*f + 2*k - 42, -2*f - 5*k + 54 = 0. What is the remainder when 232 is divided by f?
11
Suppose -17*t = -106*t + 1068. Let n(g) = g**2 + g - 5. What is the remainder when n(-5) is divided by t?
3
Suppose 0 = -12*x + 444 + 324. Suppose 61*n - x*n = 0. What is the remainder when (1 - (n + 2))*-49 is divided by 26?
23
Suppose -s = 3*q - 31, 4*q - 5*s = -0*q + 73. Suppose 0 = -q*u + 3*u + 1125. Calculate the remainder when u is divided by 760/36 + 3/(-27).
20
Suppose 6554 = -45*b + 106994. Suppose k + b = 5*k. Calculate the remainder when k is divided by 33.
30
Suppose -8*w = -5*m - 7*w + 36, 0 = 5*m + w - 44. Let n(v) = -v**3 - 5*v**2 - 11*v - 18. Calculate the remainder when n(-5) is divided by m.
5
Let z(s) = 2*s**2 + 13*s - 97. What is the remainder when z(-20) is divided by 28?
23
Suppose 11*q + 147 = 598. Calculate the remainder when 191 is divided by q.
27
Suppose -195*c + 1077*c + 9478 = 45640. Let t be 3 + (3 - 1)/2. Suppose 2*w - 42 = -v, -7*v = -3*w - t*v + 81. What is the remainder when c is divided by w?
18
Suppose -538*u + 543*u + 1580 = 5*w, -5*u - 626 = -2*w. What is the remainder when w is divided by 47?
36
Let t be (3/((-9)/(-48)))/((-4)/32). Let m = t - -294. What is the remainder when m is divided by 13?
10
Let q(y) = -7*y**3 - 133*y**2 - y - 4. Let u(n) = -5*n**2 - 5 + 3*n - n + n**3 + 0*n. Calculate the remainder when q(-19) is divided by u(5).
0
Calculate the remainder when 496/(-50) + 14/(-175) - -345 is divided by 86 - (-8)/(-12)*3.
83
Suppose 37*p = 56 + 92. Suppose 3*b - 17 = -v, -p = 27*b - 23*b - 4*v. What is the remainder when 12 is divided by b?
0
Let v(a) = -183*a - 6094. Suppose 49 = 5*r - 276. What is the remainder when v(-34) is divided by r?
63
Let m = 63 - 44. Suppose 91*x = 142*x + 715*x - 111836. What is the remainder when x is divided by m?
13
Let z(c) = -c**2 - 19*c - 31. Calculate the remainder when 249 is divided by z(-10).
13
Suppose 5*u + 3*x - 10 = 11, 24 = 5*u + 2*x. Suppose 3*q = 5*d - 967, -2*d + 2*q - 778 = -u*d. What is the remainder when d is divided by 5?
4
Suppose -5*r + 2*m = -220, 8*m - 55 + 11 = -r. What is the remainder when r is divided by 8?
4
Suppose 257 = 3*o + 4*l, -o = 2*l - 279 + 190. Calculate the remainder when ((-2)/(-4))/(2/588) is divided by o.
68
Let a(m) = -m**3 - 12*m**2 - 28*m + 34. Calculate the remainder when 125 is divided by a(-8).
1
Let s(y) be the third derivative of 5*y**4/8 + 73*y**3/3 + 50*y**2. Calculate the remainder when s(7) is divided by 18.
17
Suppose -136*n + 132*n = -48. Suppose -179 = -3*r - 20. What is the remainder when r is divided by 147/14*-1*n/(-7)?
17
Suppose -352 = 676*i - 677*i. Calculate the remainder when i is divided by 15.
7
Let b be 4 - 0 - (-512)/(-32). What is the remainder when ((-2)/b)/(37/53058) is divided by 30?
29
Let y = -2024 + 2352. What is the remainder when y is divided by 104?
16
Suppose 2737*l - 410 = 2727*l. Calculate the remainder when 150 is divided by l.
27
Let v(g) = -18*g - 39. Let t be v(8). Let x = t - -229. What is the remainder when 91 is divided by x?
45
Suppose -3*p + 0*p + 3 = 0, 0 = 3*y + 2*p - 1820. Let o = -600 + y. What is the remainder when 46 is divided by o?
4
Let m(s) = -s**3 + 8*s**2 - 3*s - 7. Suppose -2*r - q = -153, 4*q = 3*r - 305 + 48. Calculate the remainder when r is divided by m(7).
16
Let w = 5676 + -5637. Calculate the remainder when 254 is divided by w.
20
Let r(z) = -z**2 - 11*z + 23. Let t = -77 + 66. What is the remainder when (-21)/((3 - 1)/(-8)) is divided by r(t)?
15
Suppose -424 = -5*u + 4*k, 468 = 4*u - 5*k + 127. Let n = u - 52. What is the remainder when 63 is divided by n?
31
Let j = 543 - -331. Calculate the remainder when j/8 - 0 - 186/(-248) is divided by 19.
15
Let h = -277 + 472. Suppose -5*u - h = -z + 6*z, -5*u - 119 = 3*z. Let d = z + 49. What is the remainder when 54 is divided by d?
10
Let d = -3622 + 3977. Calculate the remainder when d is divided by 222.
133
Let d(i) = 2*i**2 - 4*i + 16. What is the remainder when d(4) is divided by (-3)/6*-1 + (-60)/(-8)?
0
What is the remainder when 11698 is divided by ((-30)/(-9))/(26/1170)?
148
What is the remainder when (9*23/(-69))/((-3)/1154) is divided by 43?
36
Let n(y) = y**2 + 4*y - 3. Let s be n(-4). Suppose -22*k - 20 = -17*k, 0 = -6*o + 2*k + 500. Calculate the remainder when o is divided by (-49)/s + 2/3.
14
Let j be -1*(-13)/(65/30). Suppose 0 = -13*v + j*v. Suppose 5*n + 5 = v, -3*h + 5*n + 87 = 10. What is the remainder when 92 is divided by h?
20
Let y(s) = 